{"id":3505,"date":"2025-02-26T15:28:56","date_gmt":"2025-02-26T15:28:56","guid":{"rendered":"https:\/\/akordaj.ro\/event\/nabucco-giuseppe-verdi\/"},"modified":"2025-02-26T15:28:56","modified_gmt":"2025-02-26T15:28:56","slug":"nabucco-giuseppe-verdi","status":"publish","type":"tribe_events","link":"http:\/\/akordaj.ro\/hu\/event\/nabucco-giuseppe-verdi\/","title":{"rendered":"Nabucco &#8211; Giuseppe Verdi"},"content":{"rendered":"<p><strong>Libretto<\/strong>: Temistocle Solera<br \/>\n<strong>Duration<\/strong>: 160 min<br \/>\n<strong>Pauses<\/strong>: 2<br \/>\n<strong>Language<\/strong>: Italian<br \/>\n<strong>Supertitles<\/strong>: YES<br \/>\n<strong>Premiere<\/strong>: October 31, 1987<br \/>\n<strong>World premiere<\/strong>: March 9, 1842, Teatro alla Scala in Milan<\/p>\n<p><strong>Directed by<\/strong> Hero Lupescu<br \/>\n<strong>Scenography<\/strong>: George Doro\u0219enco<br \/>\n<strong>Choreography<\/strong>: Doina Andronache<br \/>\n<strong>Choir Master<\/strong>: Daniel Jinga<br \/>\n<strong>Ballet master soloists and ensemble<\/strong>: Beatrice \u0218erb\u0103nescu<\/p>\n<p><strong>Conductor<\/strong>: Iurie Florea<\/p>\n<p><strong>CAST<\/strong><\/p>\n<p>Nabucco<br \/>\nStefan Ignat<\/p>\n<p>Abigaille<br \/>\nMadeleine Pascu<\/p>\n<p>Fenena<br \/>\nOana Andra<\/p>\n<p>Ismaele<br \/>\nAndrei Petre<\/p>\n<p>Zaccaria<br \/>\nMarius Bolo\u0219<\/p>\n<p>High Priest<br \/>\nIustinian Zetea<\/p>\n<p>Abdallo<br \/>\nCiprian Pahonea<\/p>\n<p>Anna<br \/>\nStanca Maria Manoleanu<\/p>\n<p>With the participation of the Bucharest National Opera Orchestra, Ballet and Chorus<br \/>\n*The institution reserves the right to make changes in the cast of the performances if the situation requires it.<\/p>\n","protected":false},"excerpt":{"rendered":"<p>Libretto: Temistocle Solera Duration: 160 min Pauses: 2 Language: Italian Supertitles: YES Premiere: October 31, 1987 World premiere: March 9, 1842, Teatro alla Scala in Milan Directed by Hero Lupescu [&hellip;]<\/p>\n","protected":false},"author":3,"featured_media":3499,"template":"","meta":{"_acf_changed":false,"_tribe_events_status":"","_tribe_events_status_reason":"","footnotes":""},"tags":[],"tribe_events_cat":[17],"class_list":["post-3505","tribe_events","type-tribe_events","status-publish","has-post-thumbnail","hentry","tribe_events_cat-bucuresti","cat_bucuresti"],"acf":[],"yoast_head":"<!-- This site is optimized with the Yoast SEO plugin v26.6 - https:\/\/yoast.com\/wordpress\/plugins\/seo\/ -->\n<title>Nabucco - Giuseppe Verdi - Akordaj<\/title>\n<meta name=\"robots\" content=\"index, follow, max-snippet:-1, max-image-preview:large, max-video-preview:-1\" \/>\n<link rel=\"canonical\" href=\"http:\/\/akordaj.ro\/hu\/event\/nabucco-giuseppe-verdi\/\" \/>\n<meta property=\"og:locale\" content=\"hu_HU\" \/>\n<meta property=\"og:type\" content=\"article\" \/>\n<meta property=\"og:title\" content=\"Nabucco - Giuseppe Verdi - Akordaj\" \/>\n<meta property=\"og:description\" content=\"Libretto: Temistocle Solera Duration: 160 min Pauses: 2 Language: Italian Supertitles: YES Premiere: October 31, 1987 World premiere: March 9, 1842, Teatro alla Scala in Milan Directed by Hero Lupescu [&hellip;]\" \/>\n<meta property=\"og:url\" content=\"http:\/\/akordaj.ro\/hu\/event\/nabucco-giuseppe-verdi\/\" \/>\n<meta property=\"og:site_name\" content=\"Akordaj\" \/>\n<meta property=\"og:image\" content=\"http:\/\/akordaj.ro\/wp-content\/uploads\/2025\/02\/dragana-radakovic-invitata-in-spectacolul-nabucco-de-pe-scena-operei-nationale-bucuresti-21785.jpg\" \/>\n\t<meta property=\"og:image:width\" content=\"1200\" \/>\n\t<meta property=\"og:image:height\" content=\"630\" \/>\n\t<meta property=\"og:image:type\" content=\"image\/jpeg\" \/>\n<meta name=\"twitter:card\" content=\"summary_large_image\" \/>\n<meta name=\"twitter:label1\" content=\"Becs\u00fclt olvas\u00e1si id\u0151\" \/>\n\t<meta name=\"twitter:data1\" content=\"1 perc\" \/>\n<script type=\"application\/ld+json\" class=\"yoast-schema-graph\">{\"@context\":\"https:\/\/schema.org\",\"@graph\":[{\"@type\":\"WebPage\",\"@id\":\"http:\/\/akordaj.ro\/hu\/event\/nabucco-giuseppe-verdi\/\",\"url\":\"http:\/\/akordaj.ro\/hu\/event\/nabucco-giuseppe-verdi\/\",\"name\":\"Nabucco - Giuseppe Verdi - Akordaj\",\"isPartOf\":{\"@id\":\"http:\/\/akordaj.ro\/hu\/#website\"},\"primaryImageOfPage\":{\"@id\":\"http:\/\/akordaj.ro\/hu\/event\/nabucco-giuseppe-verdi\/#primaryimage\"},\"image\":{\"@id\":\"http:\/\/akordaj.ro\/hu\/event\/nabucco-giuseppe-verdi\/#primaryimage\"},\"thumbnailUrl\":\"http:\/\/akordaj.ro\/wp-content\/uploads\/2025\/02\/dragana-radakovic-invitata-in-spectacolul-nabucco-de-pe-scena-operei-nationale-bucuresti-21785.jpg\",\"datePublished\":\"2025-02-26T15:28:56+00:00\",\"breadcrumb\":{\"@id\":\"http:\/\/akordaj.ro\/hu\/event\/nabucco-giuseppe-verdi\/#breadcrumb\"},\"inLanguage\":\"hu\",\"potentialAction\":[{\"@type\":\"ReadAction\",\"target\":[\"http:\/\/akordaj.ro\/hu\/event\/nabucco-giuseppe-verdi\/\"]}]},{\"@type\":\"ImageObject\",\"inLanguage\":\"hu\",\"@id\":\"http:\/\/akordaj.ro\/hu\/event\/nabucco-giuseppe-verdi\/#primaryimage\",\"url\":\"http:\/\/akordaj.ro\/wp-content\/uploads\/2025\/02\/dragana-radakovic-invitata-in-spectacolul-nabucco-de-pe-scena-operei-nationale-bucuresti-21785.jpg\",\"contentUrl\":\"http:\/\/akordaj.ro\/wp-content\/uploads\/2025\/02\/dragana-radakovic-invitata-in-spectacolul-nabucco-de-pe-scena-operei-nationale-bucuresti-21785.jpg\",\"width\":1200,\"height\":630},{\"@type\":\"BreadcrumbList\",\"@id\":\"http:\/\/akordaj.ro\/hu\/event\/nabucco-giuseppe-verdi\/#breadcrumb\",\"itemListElement\":[{\"@type\":\"ListItem\",\"position\":1,\"name\":\"Home\",\"item\":\"https:\/\/akordaj.ro\/hu\/\"},{\"@type\":\"ListItem\",\"position\":2,\"name\":\"Esem\u00e9nyek\",\"item\":\"http:\/\/akordaj.ro\/hu\/events\/\"},{\"@type\":\"ListItem\",\"position\":3,\"name\":\"Nabucco &#8211; Giuseppe Verdi\"}]},{\"@type\":\"WebSite\",\"@id\":\"http:\/\/akordaj.ro\/hu\/#website\",\"url\":\"http:\/\/akordaj.ro\/hu\/\",\"name\":\"Akordaj\",\"description\":\"\",\"potentialAction\":[{\"@type\":\"SearchAction\",\"target\":{\"@type\":\"EntryPoint\",\"urlTemplate\":\"http:\/\/akordaj.ro\/hu\/?s={search_term_string}\"},\"query-input\":{\"@type\":\"PropertyValueSpecification\",\"valueRequired\":true,\"valueName\":\"search_term_string\"}}],\"inLanguage\":\"hu\"}]}<\/script>\n<!-- \/ Yoast SEO plugin. -->","yoast_head_json":{"title":"Nabucco - Giuseppe Verdi - Akordaj","robots":{"index":"index","follow":"follow","max-snippet":"max-snippet:-1","max-image-preview":"max-image-preview:large","max-video-preview":"max-video-preview:-1"},"canonical":"http:\/\/akordaj.ro\/hu\/event\/nabucco-giuseppe-verdi\/","og_locale":"hu_HU","og_type":"article","og_title":"Nabucco - Giuseppe Verdi - Akordaj","og_description":"Libretto: Temistocle Solera Duration: 160 min Pauses: 2 Language: Italian Supertitles: YES Premiere: October 31, 1987 World premiere: March 9, 1842, Teatro alla Scala in Milan Directed by Hero Lupescu [&hellip;]","og_url":"http:\/\/akordaj.ro\/hu\/event\/nabucco-giuseppe-verdi\/","og_site_name":"Akordaj","og_image":[{"width":1200,"height":630,"url":"http:\/\/akordaj.ro\/wp-content\/uploads\/2025\/02\/dragana-radakovic-invitata-in-spectacolul-nabucco-de-pe-scena-operei-nationale-bucuresti-21785.jpg","type":"image\/jpeg"}],"twitter_card":"summary_large_image","twitter_misc":{"Becs\u00fclt olvas\u00e1si id\u0151":"1 perc"},"schema":{"@context":"https:\/\/schema.org","@graph":[{"@type":"WebPage","@id":"http:\/\/akordaj.ro\/hu\/event\/nabucco-giuseppe-verdi\/","url":"http:\/\/akordaj.ro\/hu\/event\/nabucco-giuseppe-verdi\/","name":"Nabucco - Giuseppe Verdi - Akordaj","isPartOf":{"@id":"http:\/\/akordaj.ro\/hu\/#website"},"primaryImageOfPage":{"@id":"http:\/\/akordaj.ro\/hu\/event\/nabucco-giuseppe-verdi\/#primaryimage"},"image":{"@id":"http:\/\/akordaj.ro\/hu\/event\/nabucco-giuseppe-verdi\/#primaryimage"},"thumbnailUrl":"http:\/\/akordaj.ro\/wp-content\/uploads\/2025\/02\/dragana-radakovic-invitata-in-spectacolul-nabucco-de-pe-scena-operei-nationale-bucuresti-21785.jpg","datePublished":"2025-02-26T15:28:56+00:00","breadcrumb":{"@id":"http:\/\/akordaj.ro\/hu\/event\/nabucco-giuseppe-verdi\/#breadcrumb"},"inLanguage":"hu","potentialAction":[{"@type":"ReadAction","target":["http:\/\/akordaj.ro\/hu\/event\/nabucco-giuseppe-verdi\/"]}]},{"@type":"ImageObject","inLanguage":"hu","@id":"http:\/\/akordaj.ro\/hu\/event\/nabucco-giuseppe-verdi\/#primaryimage","url":"http:\/\/akordaj.ro\/wp-content\/uploads\/2025\/02\/dragana-radakovic-invitata-in-spectacolul-nabucco-de-pe-scena-operei-nationale-bucuresti-21785.jpg","contentUrl":"http:\/\/akordaj.ro\/wp-content\/uploads\/2025\/02\/dragana-radakovic-invitata-in-spectacolul-nabucco-de-pe-scena-operei-nationale-bucuresti-21785.jpg","width":1200,"height":630},{"@type":"BreadcrumbList","@id":"http:\/\/akordaj.ro\/hu\/event\/nabucco-giuseppe-verdi\/#breadcrumb","itemListElement":[{"@type":"ListItem","position":1,"name":"Home","item":"https:\/\/akordaj.ro\/hu\/"},{"@type":"ListItem","position":2,"name":"Esem\u00e9nyek","item":"http:\/\/akordaj.ro\/hu\/events\/"},{"@type":"ListItem","position":3,"name":"Nabucco &#8211; Giuseppe Verdi"}]},{"@type":"WebSite","@id":"http:\/\/akordaj.ro\/hu\/#website","url":"http:\/\/akordaj.ro\/hu\/","name":"Akordaj","description":"","potentialAction":[{"@type":"SearchAction","target":{"@type":"EntryPoint","urlTemplate":"http:\/\/akordaj.ro\/hu\/?s={search_term_string}"},"query-input":{"@type":"PropertyValueSpecification","valueRequired":true,"valueName":"search_term_string"}}],"inLanguage":"hu"}]}},"_links":{"self":[{"href":"http:\/\/akordaj.ro\/hu\/wp-json\/wp\/v2\/tribe_events\/3505","targetHints":{"allow":["GET"]}}],"collection":[{"href":"http:\/\/akordaj.ro\/hu\/wp-json\/wp\/v2\/tribe_events"}],"about":[{"href":"http:\/\/akordaj.ro\/hu\/wp-json\/wp\/v2\/types\/tribe_events"}],"author":[{"embeddable":true,"href":"http:\/\/akordaj.ro\/hu\/wp-json\/wp\/v2\/users\/3"}],"version-history":[{"count":0,"href":"http:\/\/akordaj.ro\/hu\/wp-json\/wp\/v2\/tribe_events\/3505\/revisions"}],"wp:featuredmedia":[{"embeddable":true,"href":"http:\/\/akordaj.ro\/hu\/wp-json\/wp\/v2\/media\/3499"}],"wp:attachment":[{"href":"http:\/\/akordaj.ro\/hu\/wp-json\/wp\/v2\/media?parent=3505"}],"wp:term":[{"taxonomy":"post_tag","embeddable":true,"href":"http:\/\/akordaj.ro\/hu\/wp-json\/wp\/v2\/tags?post=3505"},{"taxonomy":"tribe_events_cat","embeddable":true,"href":"http:\/\/akordaj.ro\/hu\/wp-json\/wp\/v2\/tribe_events_cat?post=3505"}],"curies":[{"name":"wp","href":"https:\/\/api.w.org\/{rel}","templated":true}]}}

<p><strong>Libretto</strong>: Temistocle Solera<br />
<strong>Duration</strong>: 160 min<br />
<strong>Pauses</strong>: 2<br />
<strong>Language</strong>: Italian<br />
<strong>Supertitles</strong>: YES<br />
<strong>Premiere</strong>: October 31, 1987<br />
<strong>World premiere</strong>: March 9, 1842, Teatro alla Scala in Milan</p>
<p><strong>Directed by</strong> Hero Lupescu<br />
<strong>Scenography</strong>: George Doroșenco<br />
<strong>Choreography</strong>: Doina Andronache<br />
<strong>Choir Master</strong>: Daniel Jinga<br />
<strong>Ballet master soloists and ensemble</strong>: Beatrice Șerbănescu</p>
<p><strong>Conductor</strong>: Iurie Florea</p>
<p><strong>CAST</strong></p>
<p>Nabucco<br />
Stefan Ignat</p>
<p>Abigaille<br />
Madeleine Pascu</p>
<p>Fenena<br />
Oana Andra</p>
<p>Ismaele<br />
Andrei Petre</p>
<p>Zaccaria<br />
Marius Boloș</p>
<p>High Priest<br />
Iustinian Zetea</p>
<p>Abdallo<br />
Ciprian Pahonea</p>
<p>Anna<br />
Stanca Maria Manoleanu</p>
<p>With the participation of the Bucharest National Opera Orchestra, Ballet and Chorus<br />
*The institution reserves the right to make changes in the cast of the performances if the situation requires it.</p>

<!-- This site is optimized with the Yoast SEO plugin v26.6 - https://yoast.com/wordpress/plugins/seo/ -->
<title>Nabucco - Giuseppe Verdi - Akordaj</title>
<meta name="robots" content="index, follow, max-snippet:-1, max-image-preview:large, max-video-preview:-1" />
<link rel="canonical" href="http://akordaj.ro/hu/event/nabucco-giuseppe-verdi/" />
<meta property="og:locale" content="hu_HU" />
<meta property="og:type" content="article" />
<meta property="og:title" content="Nabucco - Giuseppe Verdi - Akordaj" />
<meta property="og:description" content="Libretto: Temistocle Solera Duration: 160 min Pauses: 2 Language: Italian Supertitles: YES Premiere: October 31, 1987 World premiere: March 9, 1842, Teatro alla Scala in Milan Directed by Hero Lupescu [&hellip;]" />
<meta property="og:url" content="http://akordaj.ro/hu/event/nabucco-giuseppe-verdi/" />
<meta property="og:site_name" content="Akordaj" />
<meta property="og:image" content="http://akordaj.ro/wp-content/uploads/2025/02/dragana-radakovic-invitata-in-spectacolul-nabucco-de-pe-scena-operei-nationale-bucuresti-21785.jpg" />
	<meta property="og:image:width" content="1200" />
	<meta property="og:image:height" content="630" />
	<meta property="og:image:type" content="image/jpeg" />
<meta name="twitter:card" content="summary_large_image" />
<meta name="twitter:label1" content="Becsült olvasási idő" />
	<meta name="twitter:data1" content="1 perc" />
<script type="application/ld+json" class="yoast-schema-graph">{"@context":"https://schema.org","@graph":[{"@type":"WebPage","@id":"http://akordaj.ro/hu/event/nabucco-giuseppe-verdi/","url":"http://akordaj.ro/hu/event/nabucco-giuseppe-verdi/","name":"Nabucco - Giuseppe Verdi - Akordaj","isPartOf":{"@id":"http://akordaj.ro/hu/#website"},"primaryImageOfPage":{"@id":"http://akordaj.ro/hu/event/nabucco-giuseppe-verdi/#primaryimage"},"image":{"@id":"http://akordaj.ro/hu/event/nabucco-giuseppe-verdi/#primaryimage"},"thumbnailUrl":"http://akordaj.ro/wp-content/uploads/2025/02/dragana-radakovic-invitata-in-spectacolul-nabucco-de-pe-scena-operei-nationale-bucuresti-21785.jpg","datePublished":"2025-02-26T15:28:56+00:00","breadcrumb":{"@id":"http://akordaj.ro/hu/event/nabucco-giuseppe-verdi/#breadcrumb"},"inLanguage":"hu","potentialAction":[{"@type":"ReadAction","target":["http://akordaj.ro/hu/event/nabucco-giuseppe-verdi/"]}]},{"@type":"ImageObject","inLanguage":"hu","@id":"http://akordaj.ro/hu/event/nabucco-giuseppe-verdi/#primaryimage","url":"http://akordaj.ro/wp-content/uploads/2025/02/dragana-radakovic-invitata-in-spectacolul-nabucco-de-pe-scena-operei-nationale-bucuresti-21785.jpg","contentUrl":"http://akordaj.ro/wp-content/uploads/2025/02/dragana-radakovic-invitata-in-spectacolul-nabucco-de-pe-scena-operei-nationale-bucuresti-21785.jpg","width":1200,"height":630},{"@type":"BreadcrumbList","@id":"http://akordaj.ro/hu/event/nabucco-giuseppe-verdi/#breadcrumb","itemListElement":[{"@type":"ListItem","position":1,"name":"Home","item":"https://akordaj.ro/hu/"},{"@type":"ListItem","position":2,"name":"Események","item":"http://akordaj.ro/hu/events/"},{"@type":"ListItem","position":3,"name":"Nabucco &#8211; Giuseppe Verdi"}]},{"@type":"WebSite","@id":"http://akordaj.ro/hu/#website","url":"http://akordaj.ro/hu/","name":"Akordaj","description":"","potentialAction":[{"@type":"SearchAction","target":{"@type":"EntryPoint","urlTemplate":"http://akordaj.ro/hu/?s={search_term_string}"},"query-input":{"@type":"PropertyValueSpecification","valueRequired":true,"valueName":"search_term_string"}}],"inLanguage":"hu"}]}</script>
<!-- / Yoast SEO plugin. -->

Események
