{"id":3375,"date":"2025-02-26T13:18:42","date_gmt":"2025-02-26T13:18:42","guid":{"rendered":"https:\/\/akordaj.ro\/event\/vocal-symphonic-concert-conductor-vasily-petrenko-2\/"},"modified":"2025-02-26T13:18:42","modified_gmt":"2025-02-26T13:18:42","slug":"vocal-symphonic-concert-conductor-vasily-petrenko-2","status":"publish","type":"tribe_events","link":"http:\/\/akordaj.ro\/hu\/event\/vocal-symphonic-concert-conductor-vasily-petrenko-2\/","title":{"rendered":"Vocal-symphonic concert. Conductor: VASILY PETRENKO"},"content":{"rendered":"<p><strong>Conductor<\/strong><br \/>\nVASILY PETRENKO<\/p>\n<p><strong>Program<\/strong><br \/>\nGustav Mahler<br \/>\nSymphony No. 2 in C minor<\/p>\n<p><strong>Soloists<\/strong><br \/>\nKATERINA KNEZIKOVA &#8211; soprano<br \/>\nROXANA CONSTANTINTINESCU &#8211; mezzo-soprano<\/p>\n<p><strong>Choir conductor<\/strong><br \/>\nIOSIF ION PRUNNER<\/p>\n","protected":false},"excerpt":{"rendered":"<p>Conductor VASILY PETRENKO Program Gustav Mahler Symphony No. 2 in C minor Soloists KATERINA KNEZIKOVA &#8211; soprano ROXANA CONSTANTINTINESCU &#8211; mezzo-soprano Choir conductor IOSIF ION PRUNNER<\/p>\n","protected":false},"author":3,"featured_media":3368,"template":"","meta":{"_acf_changed":false,"_tribe_events_status":"","_tribe_events_status_reason":"","footnotes":""},"tags":[],"tribe_events_cat":[17],"class_list":["post-3375","tribe_events","type-tribe_events","status-publish","has-post-thumbnail","hentry","tribe_events_cat-bucuresti","cat_bucuresti"],"acf":[],"yoast_head":"<!-- This site is optimized with the Yoast SEO plugin v26.6 - https:\/\/yoast.com\/wordpress\/plugins\/seo\/ -->\n<title>Vocal-symphonic concert. Conductor: VASILY PETRENKO - Akordaj<\/title>\n<meta name=\"robots\" content=\"index, follow, max-snippet:-1, max-image-preview:large, max-video-preview:-1\" \/>\n<link rel=\"canonical\" href=\"http:\/\/akordaj.ro\/hu\/event\/vocal-symphonic-concert-conductor-vasily-petrenko-2\/\" \/>\n<meta property=\"og:locale\" content=\"hu_HU\" \/>\n<meta property=\"og:type\" content=\"article\" \/>\n<meta property=\"og:title\" content=\"Vocal-symphonic concert. Conductor: VASILY PETRENKO - Akordaj\" \/>\n<meta property=\"og:description\" content=\"Conductor VASILY PETRENKO Program Gustav Mahler Symphony No. 2 in C minor Soloists KATERINA KNEZIKOVA &#8211; soprano ROXANA CONSTANTINTINESCU &#8211; mezzo-soprano Choir conductor IOSIF ION PRUNNER\" \/>\n<meta property=\"og:url\" content=\"http:\/\/akordaj.ro\/hu\/event\/vocal-symphonic-concert-conductor-vasily-petrenko-2\/\" \/>\n<meta property=\"og:site_name\" content=\"Akordaj\" \/>\n<meta property=\"og:image\" content=\"http:\/\/akordaj.ro\/wp-content\/uploads\/2025\/02\/480871751_1044820284346041_8518156440034423172_n.jpg\" \/>\n\t<meta property=\"og:image:width\" content=\"2048\" \/>\n\t<meta property=\"og:image:height\" content=\"1154\" \/>\n\t<meta property=\"og:image:type\" content=\"image\/jpeg\" \/>\n<meta name=\"twitter:card\" content=\"summary_large_image\" \/>\n<meta name=\"twitter:label1\" content=\"Becs\u00fclt olvas\u00e1si id\u0151\" \/>\n\t<meta name=\"twitter:data1\" content=\"1 perc\" \/>\n<script type=\"application\/ld+json\" class=\"yoast-schema-graph\">{\"@context\":\"https:\/\/schema.org\",\"@graph\":[{\"@type\":\"WebPage\",\"@id\":\"http:\/\/akordaj.ro\/hu\/event\/vocal-symphonic-concert-conductor-vasily-petrenko-2\/\",\"url\":\"http:\/\/akordaj.ro\/hu\/event\/vocal-symphonic-concert-conductor-vasily-petrenko-2\/\",\"name\":\"Vocal-symphonic concert. Conductor: VASILY PETRENKO - Akordaj\",\"isPartOf\":{\"@id\":\"http:\/\/akordaj.ro\/hu\/#website\"},\"primaryImageOfPage\":{\"@id\":\"http:\/\/akordaj.ro\/hu\/event\/vocal-symphonic-concert-conductor-vasily-petrenko-2\/#primaryimage\"},\"image\":{\"@id\":\"http:\/\/akordaj.ro\/hu\/event\/vocal-symphonic-concert-conductor-vasily-petrenko-2\/#primaryimage\"},\"thumbnailUrl\":\"http:\/\/akordaj.ro\/wp-content\/uploads\/2025\/02\/480871751_1044820284346041_8518156440034423172_n.jpg\",\"datePublished\":\"2025-02-26T13:18:42+00:00\",\"breadcrumb\":{\"@id\":\"http:\/\/akordaj.ro\/hu\/event\/vocal-symphonic-concert-conductor-vasily-petrenko-2\/#breadcrumb\"},\"inLanguage\":\"hu\",\"potentialAction\":[{\"@type\":\"ReadAction\",\"target\":[\"http:\/\/akordaj.ro\/hu\/event\/vocal-symphonic-concert-conductor-vasily-petrenko-2\/\"]}]},{\"@type\":\"ImageObject\",\"inLanguage\":\"hu\",\"@id\":\"http:\/\/akordaj.ro\/hu\/event\/vocal-symphonic-concert-conductor-vasily-petrenko-2\/#primaryimage\",\"url\":\"http:\/\/akordaj.ro\/wp-content\/uploads\/2025\/02\/480871751_1044820284346041_8518156440034423172_n.jpg\",\"contentUrl\":\"http:\/\/akordaj.ro\/wp-content\/uploads\/2025\/02\/480871751_1044820284346041_8518156440034423172_n.jpg\",\"width\":2048,\"height\":1154},{\"@type\":\"BreadcrumbList\",\"@id\":\"http:\/\/akordaj.ro\/hu\/event\/vocal-symphonic-concert-conductor-vasily-petrenko-2\/#breadcrumb\",\"itemListElement\":[{\"@type\":\"ListItem\",\"position\":1,\"name\":\"Home\",\"item\":\"https:\/\/akordaj.ro\/hu\/\"},{\"@type\":\"ListItem\",\"position\":2,\"name\":\"Esem\u00e9nyek\",\"item\":\"http:\/\/akordaj.ro\/hu\/events\/\"},{\"@type\":\"ListItem\",\"position\":3,\"name\":\"Vocal-symphonic concert. Conductor: VASILY PETRENKO\"}]},{\"@type\":\"WebSite\",\"@id\":\"http:\/\/akordaj.ro\/hu\/#website\",\"url\":\"http:\/\/akordaj.ro\/hu\/\",\"name\":\"Akordaj\",\"description\":\"\",\"potentialAction\":[{\"@type\":\"SearchAction\",\"target\":{\"@type\":\"EntryPoint\",\"urlTemplate\":\"http:\/\/akordaj.ro\/hu\/?s={search_term_string}\"},\"query-input\":{\"@type\":\"PropertyValueSpecification\",\"valueRequired\":true,\"valueName\":\"search_term_string\"}}],\"inLanguage\":\"hu\"}]}<\/script>\n<!-- \/ Yoast SEO plugin. -->","yoast_head_json":{"title":"Vocal-symphonic concert. Conductor: VASILY PETRENKO - Akordaj","robots":{"index":"index","follow":"follow","max-snippet":"max-snippet:-1","max-image-preview":"max-image-preview:large","max-video-preview":"max-video-preview:-1"},"canonical":"http:\/\/akordaj.ro\/hu\/event\/vocal-symphonic-concert-conductor-vasily-petrenko-2\/","og_locale":"hu_HU","og_type":"article","og_title":"Vocal-symphonic concert. Conductor: VASILY PETRENKO - Akordaj","og_description":"Conductor VASILY PETRENKO Program Gustav Mahler Symphony No. 2 in C minor Soloists KATERINA KNEZIKOVA &#8211; soprano ROXANA CONSTANTINTINESCU &#8211; mezzo-soprano Choir conductor IOSIF ION PRUNNER","og_url":"http:\/\/akordaj.ro\/hu\/event\/vocal-symphonic-concert-conductor-vasily-petrenko-2\/","og_site_name":"Akordaj","og_image":[{"width":2048,"height":1154,"url":"http:\/\/akordaj.ro\/wp-content\/uploads\/2025\/02\/480871751_1044820284346041_8518156440034423172_n.jpg","type":"image\/jpeg"}],"twitter_card":"summary_large_image","twitter_misc":{"Becs\u00fclt olvas\u00e1si id\u0151":"1 perc"},"schema":{"@context":"https:\/\/schema.org","@graph":[{"@type":"WebPage","@id":"http:\/\/akordaj.ro\/hu\/event\/vocal-symphonic-concert-conductor-vasily-petrenko-2\/","url":"http:\/\/akordaj.ro\/hu\/event\/vocal-symphonic-concert-conductor-vasily-petrenko-2\/","name":"Vocal-symphonic concert. Conductor: VASILY PETRENKO - Akordaj","isPartOf":{"@id":"http:\/\/akordaj.ro\/hu\/#website"},"primaryImageOfPage":{"@id":"http:\/\/akordaj.ro\/hu\/event\/vocal-symphonic-concert-conductor-vasily-petrenko-2\/#primaryimage"},"image":{"@id":"http:\/\/akordaj.ro\/hu\/event\/vocal-symphonic-concert-conductor-vasily-petrenko-2\/#primaryimage"},"thumbnailUrl":"http:\/\/akordaj.ro\/wp-content\/uploads\/2025\/02\/480871751_1044820284346041_8518156440034423172_n.jpg","datePublished":"2025-02-26T13:18:42+00:00","breadcrumb":{"@id":"http:\/\/akordaj.ro\/hu\/event\/vocal-symphonic-concert-conductor-vasily-petrenko-2\/#breadcrumb"},"inLanguage":"hu","potentialAction":[{"@type":"ReadAction","target":["http:\/\/akordaj.ro\/hu\/event\/vocal-symphonic-concert-conductor-vasily-petrenko-2\/"]}]},{"@type":"ImageObject","inLanguage":"hu","@id":"http:\/\/akordaj.ro\/hu\/event\/vocal-symphonic-concert-conductor-vasily-petrenko-2\/#primaryimage","url":"http:\/\/akordaj.ro\/wp-content\/uploads\/2025\/02\/480871751_1044820284346041_8518156440034423172_n.jpg","contentUrl":"http:\/\/akordaj.ro\/wp-content\/uploads\/2025\/02\/480871751_1044820284346041_8518156440034423172_n.jpg","width":2048,"height":1154},{"@type":"BreadcrumbList","@id":"http:\/\/akordaj.ro\/hu\/event\/vocal-symphonic-concert-conductor-vasily-petrenko-2\/#breadcrumb","itemListElement":[{"@type":"ListItem","position":1,"name":"Home","item":"https:\/\/akordaj.ro\/hu\/"},{"@type":"ListItem","position":2,"name":"Esem\u00e9nyek","item":"http:\/\/akordaj.ro\/hu\/events\/"},{"@type":"ListItem","position":3,"name":"Vocal-symphonic concert. Conductor: VASILY PETRENKO"}]},{"@type":"WebSite","@id":"http:\/\/akordaj.ro\/hu\/#website","url":"http:\/\/akordaj.ro\/hu\/","name":"Akordaj","description":"","potentialAction":[{"@type":"SearchAction","target":{"@type":"EntryPoint","urlTemplate":"http:\/\/akordaj.ro\/hu\/?s={search_term_string}"},"query-input":{"@type":"PropertyValueSpecification","valueRequired":true,"valueName":"search_term_string"}}],"inLanguage":"hu"}]}},"_links":{"self":[{"href":"http:\/\/akordaj.ro\/hu\/wp-json\/wp\/v2\/tribe_events\/3375","targetHints":{"allow":["GET"]}}],"collection":[{"href":"http:\/\/akordaj.ro\/hu\/wp-json\/wp\/v2\/tribe_events"}],"about":[{"href":"http:\/\/akordaj.ro\/hu\/wp-json\/wp\/v2\/types\/tribe_events"}],"author":[{"embeddable":true,"href":"http:\/\/akordaj.ro\/hu\/wp-json\/wp\/v2\/users\/3"}],"version-history":[{"count":0,"href":"http:\/\/akordaj.ro\/hu\/wp-json\/wp\/v2\/tribe_events\/3375\/revisions"}],"wp:featuredmedia":[{"embeddable":true,"href":"http:\/\/akordaj.ro\/hu\/wp-json\/wp\/v2\/media\/3368"}],"wp:attachment":[{"href":"http:\/\/akordaj.ro\/hu\/wp-json\/wp\/v2\/media?parent=3375"}],"wp:term":[{"taxonomy":"post_tag","embeddable":true,"href":"http:\/\/akordaj.ro\/hu\/wp-json\/wp\/v2\/tags?post=3375"},{"taxonomy":"tribe_events_cat","embeddable":true,"href":"http:\/\/akordaj.ro\/hu\/wp-json\/wp\/v2\/tribe_events_cat?post=3375"}],"curies":[{"name":"wp","href":"https:\/\/api.w.org\/{rel}","templated":true}]}}

<!-- This site is optimized with the Yoast SEO plugin v26.6 - https://yoast.com/wordpress/plugins/seo/ -->
<title>Vocal-symphonic concert. Conductor: VASILY PETRENKO - Akordaj</title>
<meta name="robots" content="index, follow, max-snippet:-1, max-image-preview:large, max-video-preview:-1" />
<link rel="canonical" href="http://akordaj.ro/hu/event/vocal-symphonic-concert-conductor-vasily-petrenko-2/" />
<meta property="og:locale" content="hu_HU" />
<meta property="og:type" content="article" />
<meta property="og:title" content="Vocal-symphonic concert. Conductor: VASILY PETRENKO - Akordaj" />
<meta property="og:description" content="Conductor VASILY PETRENKO Program Gustav Mahler Symphony No. 2 in C minor Soloists KATERINA KNEZIKOVA &#8211; soprano ROXANA CONSTANTINTINESCU &#8211; mezzo-soprano Choir conductor IOSIF ION PRUNNER" />
<meta property="og:url" content="http://akordaj.ro/hu/event/vocal-symphonic-concert-conductor-vasily-petrenko-2/" />
<meta property="og:site_name" content="Akordaj" />
<meta property="og:image" content="http://akordaj.ro/wp-content/uploads/2025/02/480871751_1044820284346041_8518156440034423172_n.jpg" />
	<meta property="og:image:width" content="2048" />
	<meta property="og:image:height" content="1154" />
	<meta property="og:image:type" content="image/jpeg" />
<meta name="twitter:card" content="summary_large_image" />
<meta name="twitter:label1" content="Becsült olvasási idő" />
	<meta name="twitter:data1" content="1 perc" />
<script type="application/ld+json" class="yoast-schema-graph">{"@context":"https://schema.org","@graph":[{"@type":"WebPage","@id":"http://akordaj.ro/hu/event/vocal-symphonic-concert-conductor-vasily-petrenko-2/","url":"http://akordaj.ro/hu/event/vocal-symphonic-concert-conductor-vasily-petrenko-2/","name":"Vocal-symphonic concert. Conductor: VASILY PETRENKO - Akordaj","isPartOf":{"@id":"http://akordaj.ro/hu/#website"},"primaryImageOfPage":{"@id":"http://akordaj.ro/hu/event/vocal-symphonic-concert-conductor-vasily-petrenko-2/#primaryimage"},"image":{"@id":"http://akordaj.ro/hu/event/vocal-symphonic-concert-conductor-vasily-petrenko-2/#primaryimage"},"thumbnailUrl":"http://akordaj.ro/wp-content/uploads/2025/02/480871751_1044820284346041_8518156440034423172_n.jpg","datePublished":"2025-02-26T13:18:42+00:00","breadcrumb":{"@id":"http://akordaj.ro/hu/event/vocal-symphonic-concert-conductor-vasily-petrenko-2/#breadcrumb"},"inLanguage":"hu","potentialAction":[{"@type":"ReadAction","target":["http://akordaj.ro/hu/event/vocal-symphonic-concert-conductor-vasily-petrenko-2/"]}]},{"@type":"ImageObject","inLanguage":"hu","@id":"http://akordaj.ro/hu/event/vocal-symphonic-concert-conductor-vasily-petrenko-2/#primaryimage","url":"http://akordaj.ro/wp-content/uploads/2025/02/480871751_1044820284346041_8518156440034423172_n.jpg","contentUrl":"http://akordaj.ro/wp-content/uploads/2025/02/480871751_1044820284346041_8518156440034423172_n.jpg","width":2048,"height":1154},{"@type":"BreadcrumbList","@id":"http://akordaj.ro/hu/event/vocal-symphonic-concert-conductor-vasily-petrenko-2/#breadcrumb","itemListElement":[{"@type":"ListItem","position":1,"name":"Home","item":"https://akordaj.ro/hu/"},{"@type":"ListItem","position":2,"name":"Események","item":"http://akordaj.ro/hu/events/"},{"@type":"ListItem","position":3,"name":"Vocal-symphonic concert. Conductor: VASILY PETRENKO"}]},{"@type":"WebSite","@id":"http://akordaj.ro/hu/#website","url":"http://akordaj.ro/hu/","name":"Akordaj","description":"","potentialAction":[{"@type":"SearchAction","target":{"@type":"EntryPoint","urlTemplate":"http://akordaj.ro/hu/?s={search_term_string}"},"query-input":{"@type":"PropertyValueSpecification","valueRequired":true,"valueName":"search_term_string"}}],"inLanguage":"hu"}]}</script>
<!-- / Yoast SEO plugin. -->

Események
