{"id":3070,"date":"2025-02-23T21:09:54","date_gmt":"2025-02-23T21:09:54","guid":{"rendered":"https:\/\/akordaj.ro\/event\/3-sud-est-pop-symphonic-concert-craiova\/"},"modified":"2025-02-23T21:09:54","modified_gmt":"2025-02-23T21:09:54","slug":"3-sud-est-pop-symphonic-concert-craiova","status":"publish","type":"tribe_events","link":"http:\/\/akordaj.ro\/hu\/event\/3-sud-est-pop-symphonic-concert-craiova\/","title":{"rendered":"3 SUD EST Pop-symphonic concert \/ Craiova"},"content":{"rendered":"<div class=\"tab-panel-body tab-panel-body-1\">\n<p><strong>Oltenia Philharmonic Symphony Orchestra<br \/>\n<\/strong><br \/>\n<strong>Conductor<\/strong><br \/>\nLARI MUNTEAN<\/p>\n<\/div>\n","protected":false},"excerpt":{"rendered":"<p>Oltenia Philharmonic Symphony Orchestra Conductor LARI MUNTEAN<\/p>\n","protected":false},"author":3,"featured_media":3056,"template":"","meta":{"_acf_changed":false,"_tribe_events_status":"","_tribe_events_status_reason":"","footnotes":""},"tags":[],"tribe_events_cat":[142],"class_list":["post-3070","tribe_events","type-tribe_events","status-publish","has-post-thumbnail","hentry","tribe_events_cat-craiova","cat_craiova"],"acf":[],"yoast_head":"<!-- This site is optimized with the Yoast SEO plugin v26.6 - https:\/\/yoast.com\/wordpress\/plugins\/seo\/ -->\n<title>3 SUD EST Pop-symphonic concert \/ Craiova - Akordaj<\/title>\n<meta name=\"robots\" content=\"index, follow, max-snippet:-1, max-image-preview:large, max-video-preview:-1\" \/>\n<link rel=\"canonical\" href=\"http:\/\/akordaj.ro\/hu\/event\/3-sud-est-pop-symphonic-concert-craiova\/\" \/>\n<meta property=\"og:locale\" content=\"hu_HU\" \/>\n<meta property=\"og:type\" content=\"article\" \/>\n<meta property=\"og:title\" content=\"3 SUD EST Pop-symphonic concert \/ Craiova - Akordaj\" \/>\n<meta property=\"og:description\" content=\"Oltenia Philharmonic Symphony Orchestra Conductor LARI MUNTEAN\" \/>\n<meta property=\"og:url\" content=\"http:\/\/akordaj.ro\/hu\/event\/3-sud-est-pop-symphonic-concert-craiova\/\" \/>\n<meta property=\"og:site_name\" content=\"Akordaj\" \/>\n<meta property=\"og:image\" content=\"http:\/\/akordaj.ro\/wp-content\/uploads\/2025\/02\/Images-akordaj-12.jpg\" \/>\n\t<meta property=\"og:image:width\" content=\"1366\" \/>\n\t<meta property=\"og:image:height\" content=\"768\" \/>\n\t<meta property=\"og:image:type\" content=\"image\/jpeg\" \/>\n<meta name=\"twitter:card\" content=\"summary_large_image\" \/>\n<meta name=\"twitter:label1\" content=\"Becs\u00fclt olvas\u00e1si id\u0151\" \/>\n\t<meta name=\"twitter:data1\" content=\"1 perc\" \/>\n<script type=\"application\/ld+json\" class=\"yoast-schema-graph\">{\"@context\":\"https:\/\/schema.org\",\"@graph\":[{\"@type\":\"WebPage\",\"@id\":\"http:\/\/akordaj.ro\/hu\/event\/3-sud-est-pop-symphonic-concert-craiova\/\",\"url\":\"http:\/\/akordaj.ro\/hu\/event\/3-sud-est-pop-symphonic-concert-craiova\/\",\"name\":\"3 SUD EST Pop-symphonic concert \/ Craiova - Akordaj\",\"isPartOf\":{\"@id\":\"http:\/\/akordaj.ro\/hu\/#website\"},\"primaryImageOfPage\":{\"@id\":\"http:\/\/akordaj.ro\/hu\/event\/3-sud-est-pop-symphonic-concert-craiova\/#primaryimage\"},\"image\":{\"@id\":\"http:\/\/akordaj.ro\/hu\/event\/3-sud-est-pop-symphonic-concert-craiova\/#primaryimage\"},\"thumbnailUrl\":\"http:\/\/akordaj.ro\/wp-content\/uploads\/2025\/02\/Images-akordaj-12.jpg\",\"datePublished\":\"2025-02-23T21:09:54+00:00\",\"breadcrumb\":{\"@id\":\"http:\/\/akordaj.ro\/hu\/event\/3-sud-est-pop-symphonic-concert-craiova\/#breadcrumb\"},\"inLanguage\":\"hu\",\"potentialAction\":[{\"@type\":\"ReadAction\",\"target\":[\"http:\/\/akordaj.ro\/hu\/event\/3-sud-est-pop-symphonic-concert-craiova\/\"]}]},{\"@type\":\"ImageObject\",\"inLanguage\":\"hu\",\"@id\":\"http:\/\/akordaj.ro\/hu\/event\/3-sud-est-pop-symphonic-concert-craiova\/#primaryimage\",\"url\":\"http:\/\/akordaj.ro\/wp-content\/uploads\/2025\/02\/Images-akordaj-12.jpg\",\"contentUrl\":\"http:\/\/akordaj.ro\/wp-content\/uploads\/2025\/02\/Images-akordaj-12.jpg\",\"width\":1366,\"height\":768},{\"@type\":\"BreadcrumbList\",\"@id\":\"http:\/\/akordaj.ro\/hu\/event\/3-sud-est-pop-symphonic-concert-craiova\/#breadcrumb\",\"itemListElement\":[{\"@type\":\"ListItem\",\"position\":1,\"name\":\"Home\",\"item\":\"https:\/\/akordaj.ro\/hu\/\"},{\"@type\":\"ListItem\",\"position\":2,\"name\":\"Esem\u00e9nyek\",\"item\":\"http:\/\/akordaj.ro\/hu\/events\/\"},{\"@type\":\"ListItem\",\"position\":3,\"name\":\"3 SUD EST Pop-symphonic concert \/ Craiova\"}]},{\"@type\":\"WebSite\",\"@id\":\"http:\/\/akordaj.ro\/hu\/#website\",\"url\":\"http:\/\/akordaj.ro\/hu\/\",\"name\":\"Akordaj\",\"description\":\"\",\"potentialAction\":[{\"@type\":\"SearchAction\",\"target\":{\"@type\":\"EntryPoint\",\"urlTemplate\":\"http:\/\/akordaj.ro\/hu\/?s={search_term_string}\"},\"query-input\":{\"@type\":\"PropertyValueSpecification\",\"valueRequired\":true,\"valueName\":\"search_term_string\"}}],\"inLanguage\":\"hu\"}]}<\/script>\n<!-- \/ Yoast SEO plugin. -->","yoast_head_json":{"title":"3 SUD EST Pop-symphonic concert \/ Craiova - Akordaj","robots":{"index":"index","follow":"follow","max-snippet":"max-snippet:-1","max-image-preview":"max-image-preview:large","max-video-preview":"max-video-preview:-1"},"canonical":"http:\/\/akordaj.ro\/hu\/event\/3-sud-est-pop-symphonic-concert-craiova\/","og_locale":"hu_HU","og_type":"article","og_title":"3 SUD EST Pop-symphonic concert \/ Craiova - Akordaj","og_description":"Oltenia Philharmonic Symphony Orchestra Conductor LARI MUNTEAN","og_url":"http:\/\/akordaj.ro\/hu\/event\/3-sud-est-pop-symphonic-concert-craiova\/","og_site_name":"Akordaj","og_image":[{"width":1366,"height":768,"url":"http:\/\/akordaj.ro\/wp-content\/uploads\/2025\/02\/Images-akordaj-12.jpg","type":"image\/jpeg"}],"twitter_card":"summary_large_image","twitter_misc":{"Becs\u00fclt olvas\u00e1si id\u0151":"1 perc"},"schema":{"@context":"https:\/\/schema.org","@graph":[{"@type":"WebPage","@id":"http:\/\/akordaj.ro\/hu\/event\/3-sud-est-pop-symphonic-concert-craiova\/","url":"http:\/\/akordaj.ro\/hu\/event\/3-sud-est-pop-symphonic-concert-craiova\/","name":"3 SUD EST Pop-symphonic concert \/ Craiova - Akordaj","isPartOf":{"@id":"http:\/\/akordaj.ro\/hu\/#website"},"primaryImageOfPage":{"@id":"http:\/\/akordaj.ro\/hu\/event\/3-sud-est-pop-symphonic-concert-craiova\/#primaryimage"},"image":{"@id":"http:\/\/akordaj.ro\/hu\/event\/3-sud-est-pop-symphonic-concert-craiova\/#primaryimage"},"thumbnailUrl":"http:\/\/akordaj.ro\/wp-content\/uploads\/2025\/02\/Images-akordaj-12.jpg","datePublished":"2025-02-23T21:09:54+00:00","breadcrumb":{"@id":"http:\/\/akordaj.ro\/hu\/event\/3-sud-est-pop-symphonic-concert-craiova\/#breadcrumb"},"inLanguage":"hu","potentialAction":[{"@type":"ReadAction","target":["http:\/\/akordaj.ro\/hu\/event\/3-sud-est-pop-symphonic-concert-craiova\/"]}]},{"@type":"ImageObject","inLanguage":"hu","@id":"http:\/\/akordaj.ro\/hu\/event\/3-sud-est-pop-symphonic-concert-craiova\/#primaryimage","url":"http:\/\/akordaj.ro\/wp-content\/uploads\/2025\/02\/Images-akordaj-12.jpg","contentUrl":"http:\/\/akordaj.ro\/wp-content\/uploads\/2025\/02\/Images-akordaj-12.jpg","width":1366,"height":768},{"@type":"BreadcrumbList","@id":"http:\/\/akordaj.ro\/hu\/event\/3-sud-est-pop-symphonic-concert-craiova\/#breadcrumb","itemListElement":[{"@type":"ListItem","position":1,"name":"Home","item":"https:\/\/akordaj.ro\/hu\/"},{"@type":"ListItem","position":2,"name":"Esem\u00e9nyek","item":"http:\/\/akordaj.ro\/hu\/events\/"},{"@type":"ListItem","position":3,"name":"3 SUD EST Pop-symphonic concert \/ Craiova"}]},{"@type":"WebSite","@id":"http:\/\/akordaj.ro\/hu\/#website","url":"http:\/\/akordaj.ro\/hu\/","name":"Akordaj","description":"","potentialAction":[{"@type":"SearchAction","target":{"@type":"EntryPoint","urlTemplate":"http:\/\/akordaj.ro\/hu\/?s={search_term_string}"},"query-input":{"@type":"PropertyValueSpecification","valueRequired":true,"valueName":"search_term_string"}}],"inLanguage":"hu"}]}},"_links":{"self":[{"href":"http:\/\/akordaj.ro\/hu\/wp-json\/wp\/v2\/tribe_events\/3070","targetHints":{"allow":["GET"]}}],"collection":[{"href":"http:\/\/akordaj.ro\/hu\/wp-json\/wp\/v2\/tribe_events"}],"about":[{"href":"http:\/\/akordaj.ro\/hu\/wp-json\/wp\/v2\/types\/tribe_events"}],"author":[{"embeddable":true,"href":"http:\/\/akordaj.ro\/hu\/wp-json\/wp\/v2\/users\/3"}],"version-history":[{"count":0,"href":"http:\/\/akordaj.ro\/hu\/wp-json\/wp\/v2\/tribe_events\/3070\/revisions"}],"wp:featuredmedia":[{"embeddable":true,"href":"http:\/\/akordaj.ro\/hu\/wp-json\/wp\/v2\/media\/3056"}],"wp:attachment":[{"href":"http:\/\/akordaj.ro\/hu\/wp-json\/wp\/v2\/media?parent=3070"}],"wp:term":[{"taxonomy":"post_tag","embeddable":true,"href":"http:\/\/akordaj.ro\/hu\/wp-json\/wp\/v2\/tags?post=3070"},{"taxonomy":"tribe_events_cat","embeddable":true,"href":"http:\/\/akordaj.ro\/hu\/wp-json\/wp\/v2\/tribe_events_cat?post=3070"}],"curies":[{"name":"wp","href":"https:\/\/api.w.org\/{rel}","templated":true}]}}

<!-- This site is optimized with the Yoast SEO plugin v26.6 - https://yoast.com/wordpress/plugins/seo/ -->
<title>3 SUD EST Pop-symphonic concert / Craiova - Akordaj</title>
<meta name="robots" content="index, follow, max-snippet:-1, max-image-preview:large, max-video-preview:-1" />
<link rel="canonical" href="http://akordaj.ro/hu/event/3-sud-est-pop-symphonic-concert-craiova/" />
<meta property="og:locale" content="hu_HU" />
<meta property="og:type" content="article" />
<meta property="og:title" content="3 SUD EST Pop-symphonic concert / Craiova - Akordaj" />
<meta property="og:description" content="Oltenia Philharmonic Symphony Orchestra Conductor LARI MUNTEAN" />
<meta property="og:url" content="http://akordaj.ro/hu/event/3-sud-est-pop-symphonic-concert-craiova/" />
<meta property="og:site_name" content="Akordaj" />
<meta property="og:image" content="http://akordaj.ro/wp-content/uploads/2025/02/Images-akordaj-12.jpg" />
	<meta property="og:image:width" content="1366" />
	<meta property="og:image:height" content="768" />
	<meta property="og:image:type" content="image/jpeg" />
<meta name="twitter:card" content="summary_large_image" />
<meta name="twitter:label1" content="Becsült olvasási idő" />
	<meta name="twitter:data1" content="1 perc" />
<script type="application/ld+json" class="yoast-schema-graph">{"@context":"https://schema.org","@graph":[{"@type":"WebPage","@id":"http://akordaj.ro/hu/event/3-sud-est-pop-symphonic-concert-craiova/","url":"http://akordaj.ro/hu/event/3-sud-est-pop-symphonic-concert-craiova/","name":"3 SUD EST Pop-symphonic concert / Craiova - Akordaj","isPartOf":{"@id":"http://akordaj.ro/hu/#website"},"primaryImageOfPage":{"@id":"http://akordaj.ro/hu/event/3-sud-est-pop-symphonic-concert-craiova/#primaryimage"},"image":{"@id":"http://akordaj.ro/hu/event/3-sud-est-pop-symphonic-concert-craiova/#primaryimage"},"thumbnailUrl":"http://akordaj.ro/wp-content/uploads/2025/02/Images-akordaj-12.jpg","datePublished":"2025-02-23T21:09:54+00:00","breadcrumb":{"@id":"http://akordaj.ro/hu/event/3-sud-est-pop-symphonic-concert-craiova/#breadcrumb"},"inLanguage":"hu","potentialAction":[{"@type":"ReadAction","target":["http://akordaj.ro/hu/event/3-sud-est-pop-symphonic-concert-craiova/"]}]},{"@type":"ImageObject","inLanguage":"hu","@id":"http://akordaj.ro/hu/event/3-sud-est-pop-symphonic-concert-craiova/#primaryimage","url":"http://akordaj.ro/wp-content/uploads/2025/02/Images-akordaj-12.jpg","contentUrl":"http://akordaj.ro/wp-content/uploads/2025/02/Images-akordaj-12.jpg","width":1366,"height":768},{"@type":"BreadcrumbList","@id":"http://akordaj.ro/hu/event/3-sud-est-pop-symphonic-concert-craiova/#breadcrumb","itemListElement":[{"@type":"ListItem","position":1,"name":"Home","item":"https://akordaj.ro/hu/"},{"@type":"ListItem","position":2,"name":"Események","item":"http://akordaj.ro/hu/events/"},{"@type":"ListItem","position":3,"name":"3 SUD EST Pop-symphonic concert / Craiova"}]},{"@type":"WebSite","@id":"http://akordaj.ro/hu/#website","url":"http://akordaj.ro/hu/","name":"Akordaj","description":"","potentialAction":[{"@type":"SearchAction","target":{"@type":"EntryPoint","urlTemplate":"http://akordaj.ro/hu/?s={search_term_string}"},"query-input":{"@type":"PropertyValueSpecification","valueRequired":true,"valueName":"search_term_string"}}],"inLanguage":"hu"}]}</script>
<!-- / Yoast SEO plugin. -->

Események
