{"id":2941,"date":"2025-02-11T14:34:06","date_gmt":"2025-02-11T14:34:06","guid":{"rendered":"https:\/\/akordaj.ro\/event\/recital-educativ-muzica-din-desene-animate-2-7-ani\/"},"modified":"2025-02-11T14:34:06","modified_gmt":"2025-02-11T14:34:06","slug":"recital-educativ-muzica-din-desene-animate-2-7-ani","status":"publish","type":"tribe_events","link":"http:\/\/akordaj.ro\/hu\/event\/recital-educativ-muzica-din-desene-animate-2-7-ani\/","title":{"rendered":"Educational recital | Music from cartoons (2-7 years)"},"content":{"rendered":"<p>Disney&#8217;s creations win us over every time, as do the soundtracks of these wonderful cartoons. We invite you, dear children, parents and grandparents, to spend an hour in the company of artists Ana David, Carmen Iuga, Andreea Szekeres, Bogdan Preda and Andreea Olariu, who will delight us with the rhythms of Cristian Sp\u0103taru&#8217;s arrangements. The educational recital will take place on Saturday, 29 March, from 11:00, at the Capitol Hall, and the good-humored atmosphere will be guaranteed by the presence of a friendly and humorous presenter: the actor Ionu\u021b Marian P\u00eervulescu.<\/p>\n","protected":false},"excerpt":{"rendered":"<p>Disney&#8217;s creations win us over every time, as do the soundtracks of these wonderful cartoons. We invite you, dear children, parents and grandparents, to spend an hour in the company [&hellip;]<\/p>\n","protected":false},"author":3,"featured_media":0,"template":"","meta":{"_acf_changed":false,"_tribe_events_status":"","_tribe_events_status_reason":"","footnotes":""},"tags":[],"tribe_events_cat":[16],"class_list":["post-2941","tribe_events","type-tribe_events","status-publish","hentry","tribe_events_cat-timisoara","cat_timisoara"],"acf":[],"yoast_head":"<!-- This site is optimized with the Yoast SEO plugin v26.6 - https:\/\/yoast.com\/wordpress\/plugins\/seo\/ -->\n<title>Educational recital | Music from cartoons (2-7 years) - Akordaj<\/title>\n<meta name=\"robots\" content=\"index, follow, max-snippet:-1, max-image-preview:large, max-video-preview:-1\" \/>\n<link rel=\"canonical\" href=\"http:\/\/akordaj.ro\/hu\/event\/recital-educativ-muzica-din-desene-animate-2-7-ani\/\" \/>\n<meta property=\"og:locale\" content=\"hu_HU\" \/>\n<meta property=\"og:type\" content=\"article\" \/>\n<meta property=\"og:title\" content=\"Educational recital | Music from cartoons (2-7 years) - Akordaj\" \/>\n<meta property=\"og:description\" content=\"Disney&#8217;s creations win us over every time, as do the soundtracks of these wonderful cartoons. We invite you, dear children, parents and grandparents, to spend an hour in the company [&hellip;]\" \/>\n<meta property=\"og:url\" content=\"http:\/\/akordaj.ro\/hu\/event\/recital-educativ-muzica-din-desene-animate-2-7-ani\/\" \/>\n<meta property=\"og:site_name\" content=\"Akordaj\" \/>\n<meta name=\"twitter:card\" content=\"summary_large_image\" \/>\n<meta name=\"twitter:label1\" content=\"Becs\u00fclt olvas\u00e1si id\u0151\" \/>\n\t<meta name=\"twitter:data1\" content=\"1 perc\" \/>\n<script type=\"application\/ld+json\" class=\"yoast-schema-graph\">{\"@context\":\"https:\/\/schema.org\",\"@graph\":[{\"@type\":\"WebPage\",\"@id\":\"http:\/\/akordaj.ro\/hu\/event\/recital-educativ-muzica-din-desene-animate-2-7-ani\/\",\"url\":\"http:\/\/akordaj.ro\/hu\/event\/recital-educativ-muzica-din-desene-animate-2-7-ani\/\",\"name\":\"Educational recital | Music from cartoons (2-7 years) - Akordaj\",\"isPartOf\":{\"@id\":\"http:\/\/akordaj.ro\/hu\/#website\"},\"datePublished\":\"2025-02-11T14:34:06+00:00\",\"breadcrumb\":{\"@id\":\"http:\/\/akordaj.ro\/hu\/event\/recital-educativ-muzica-din-desene-animate-2-7-ani\/#breadcrumb\"},\"inLanguage\":\"hu\",\"potentialAction\":[{\"@type\":\"ReadAction\",\"target\":[\"http:\/\/akordaj.ro\/hu\/event\/recital-educativ-muzica-din-desene-animate-2-7-ani\/\"]}]},{\"@type\":\"BreadcrumbList\",\"@id\":\"http:\/\/akordaj.ro\/hu\/event\/recital-educativ-muzica-din-desene-animate-2-7-ani\/#breadcrumb\",\"itemListElement\":[{\"@type\":\"ListItem\",\"position\":1,\"name\":\"Home\",\"item\":\"https:\/\/akordaj.ro\/hu\/\"},{\"@type\":\"ListItem\",\"position\":2,\"name\":\"Esem\u00e9nyek\",\"item\":\"http:\/\/akordaj.ro\/hu\/events\/\"},{\"@type\":\"ListItem\",\"position\":3,\"name\":\"Educational recital | Music from cartoons (2-7 years)\"}]},{\"@type\":\"WebSite\",\"@id\":\"http:\/\/akordaj.ro\/hu\/#website\",\"url\":\"http:\/\/akordaj.ro\/hu\/\",\"name\":\"Akordaj\",\"description\":\"\",\"potentialAction\":[{\"@type\":\"SearchAction\",\"target\":{\"@type\":\"EntryPoint\",\"urlTemplate\":\"http:\/\/akordaj.ro\/hu\/?s={search_term_string}\"},\"query-input\":{\"@type\":\"PropertyValueSpecification\",\"valueRequired\":true,\"valueName\":\"search_term_string\"}}],\"inLanguage\":\"hu\"}]}<\/script>\n<!-- \/ Yoast SEO plugin. -->","yoast_head_json":{"title":"Educational recital | Music from cartoons (2-7 years) - Akordaj","robots":{"index":"index","follow":"follow","max-snippet":"max-snippet:-1","max-image-preview":"max-image-preview:large","max-video-preview":"max-video-preview:-1"},"canonical":"http:\/\/akordaj.ro\/hu\/event\/recital-educativ-muzica-din-desene-animate-2-7-ani\/","og_locale":"hu_HU","og_type":"article","og_title":"Educational recital | Music from cartoons (2-7 years) - Akordaj","og_description":"Disney&#8217;s creations win us over every time, as do the soundtracks of these wonderful cartoons. We invite you, dear children, parents and grandparents, to spend an hour in the company [&hellip;]","og_url":"http:\/\/akordaj.ro\/hu\/event\/recital-educativ-muzica-din-desene-animate-2-7-ani\/","og_site_name":"Akordaj","twitter_card":"summary_large_image","twitter_misc":{"Becs\u00fclt olvas\u00e1si id\u0151":"1 perc"},"schema":{"@context":"https:\/\/schema.org","@graph":[{"@type":"WebPage","@id":"http:\/\/akordaj.ro\/hu\/event\/recital-educativ-muzica-din-desene-animate-2-7-ani\/","url":"http:\/\/akordaj.ro\/hu\/event\/recital-educativ-muzica-din-desene-animate-2-7-ani\/","name":"Educational recital | Music from cartoons (2-7 years) - Akordaj","isPartOf":{"@id":"http:\/\/akordaj.ro\/hu\/#website"},"datePublished":"2025-02-11T14:34:06+00:00","breadcrumb":{"@id":"http:\/\/akordaj.ro\/hu\/event\/recital-educativ-muzica-din-desene-animate-2-7-ani\/#breadcrumb"},"inLanguage":"hu","potentialAction":[{"@type":"ReadAction","target":["http:\/\/akordaj.ro\/hu\/event\/recital-educativ-muzica-din-desene-animate-2-7-ani\/"]}]},{"@type":"BreadcrumbList","@id":"http:\/\/akordaj.ro\/hu\/event\/recital-educativ-muzica-din-desene-animate-2-7-ani\/#breadcrumb","itemListElement":[{"@type":"ListItem","position":1,"name":"Home","item":"https:\/\/akordaj.ro\/hu\/"},{"@type":"ListItem","position":2,"name":"Esem\u00e9nyek","item":"http:\/\/akordaj.ro\/hu\/events\/"},{"@type":"ListItem","position":3,"name":"Educational recital | Music from cartoons (2-7 years)"}]},{"@type":"WebSite","@id":"http:\/\/akordaj.ro\/hu\/#website","url":"http:\/\/akordaj.ro\/hu\/","name":"Akordaj","description":"","potentialAction":[{"@type":"SearchAction","target":{"@type":"EntryPoint","urlTemplate":"http:\/\/akordaj.ro\/hu\/?s={search_term_string}"},"query-input":{"@type":"PropertyValueSpecification","valueRequired":true,"valueName":"search_term_string"}}],"inLanguage":"hu"}]}},"_links":{"self":[{"href":"http:\/\/akordaj.ro\/hu\/wp-json\/wp\/v2\/tribe_events\/2941","targetHints":{"allow":["GET"]}}],"collection":[{"href":"http:\/\/akordaj.ro\/hu\/wp-json\/wp\/v2\/tribe_events"}],"about":[{"href":"http:\/\/akordaj.ro\/hu\/wp-json\/wp\/v2\/types\/tribe_events"}],"author":[{"embeddable":true,"href":"http:\/\/akordaj.ro\/hu\/wp-json\/wp\/v2\/users\/3"}],"version-history":[{"count":0,"href":"http:\/\/akordaj.ro\/hu\/wp-json\/wp\/v2\/tribe_events\/2941\/revisions"}],"wp:attachment":[{"href":"http:\/\/akordaj.ro\/hu\/wp-json\/wp\/v2\/media?parent=2941"}],"wp:term":[{"taxonomy":"post_tag","embeddable":true,"href":"http:\/\/akordaj.ro\/hu\/wp-json\/wp\/v2\/tags?post=2941"},{"taxonomy":"tribe_events_cat","embeddable":true,"href":"http:\/\/akordaj.ro\/hu\/wp-json\/wp\/v2\/tribe_events_cat?post=2941"}],"curies":[{"name":"wp","href":"https:\/\/api.w.org\/{rel}","templated":true}]}}

<p>Disney&#8217;s creations win us over every time, as do the soundtracks of these wonderful cartoons. We invite you, dear children, parents and grandparents, to spend an hour in the company of artists Ana David, Carmen Iuga, Andreea Szekeres, Bogdan Preda and Andreea Olariu, who will delight us with the rhythms of Cristian Spătaru&#8217;s arrangements. The educational recital will take place on Saturday, 29 March, from 11:00, at the Capitol Hall, and the good-humored atmosphere will be guaranteed by the presence of a friendly and humorous presenter: the actor Ionuț Marian Pîrvulescu.</p>

<!-- This site is optimized with the Yoast SEO plugin v26.6 - https://yoast.com/wordpress/plugins/seo/ -->
<title>Educational recital | Music from cartoons (2-7 years) - Akordaj</title>
<meta name="robots" content="index, follow, max-snippet:-1, max-image-preview:large, max-video-preview:-1" />
<link rel="canonical" href="http://akordaj.ro/hu/event/recital-educativ-muzica-din-desene-animate-2-7-ani/" />
<meta property="og:locale" content="hu_HU" />
<meta property="og:type" content="article" />
<meta property="og:title" content="Educational recital | Music from cartoons (2-7 years) - Akordaj" />
<meta property="og:description" content="Disney&#8217;s creations win us over every time, as do the soundtracks of these wonderful cartoons. We invite you, dear children, parents and grandparents, to spend an hour in the company [&hellip;]" />
<meta property="og:url" content="http://akordaj.ro/hu/event/recital-educativ-muzica-din-desene-animate-2-7-ani/" />
<meta property="og:site_name" content="Akordaj" />
<meta name="twitter:card" content="summary_large_image" />
<meta name="twitter:label1" content="Becsült olvasási idő" />
	<meta name="twitter:data1" content="1 perc" />
<script type="application/ld+json" class="yoast-schema-graph">{"@context":"https://schema.org","@graph":[{"@type":"WebPage","@id":"http://akordaj.ro/hu/event/recital-educativ-muzica-din-desene-animate-2-7-ani/","url":"http://akordaj.ro/hu/event/recital-educativ-muzica-din-desene-animate-2-7-ani/","name":"Educational recital | Music from cartoons (2-7 years) - Akordaj","isPartOf":{"@id":"http://akordaj.ro/hu/#website"},"datePublished":"2025-02-11T14:34:06+00:00","breadcrumb":{"@id":"http://akordaj.ro/hu/event/recital-educativ-muzica-din-desene-animate-2-7-ani/#breadcrumb"},"inLanguage":"hu","potentialAction":[{"@type":"ReadAction","target":["http://akordaj.ro/hu/event/recital-educativ-muzica-din-desene-animate-2-7-ani/"]}]},{"@type":"BreadcrumbList","@id":"http://akordaj.ro/hu/event/recital-educativ-muzica-din-desene-animate-2-7-ani/#breadcrumb","itemListElement":[{"@type":"ListItem","position":1,"name":"Home","item":"https://akordaj.ro/hu/"},{"@type":"ListItem","position":2,"name":"Események","item":"http://akordaj.ro/hu/events/"},{"@type":"ListItem","position":3,"name":"Educational recital | Music from cartoons (2-7 years)"}]},{"@type":"WebSite","@id":"http://akordaj.ro/hu/#website","url":"http://akordaj.ro/hu/","name":"Akordaj","description":"","potentialAction":[{"@type":"SearchAction","target":{"@type":"EntryPoint","urlTemplate":"http://akordaj.ro/hu/?s={search_term_string}"},"query-input":{"@type":"PropertyValueSpecification","valueRequired":true,"valueName":"search_term_string"}}],"inLanguage":"hu"}]}</script>
<!-- / Yoast SEO plugin. -->

Események
